 the thousands digit of 3195521?
5
What is the hundred thousands digit of 10324265?
3
What is the tens digit of 33306?
0
What is the units digit of 2057044?
4
What is the tens digit of 30819?
1
What is the thousands digit of 17114480?
4
What is the millions digit of 2094261?
2
What is the units digit of 6674716?
6
What is the thousands digit of 1997603?
7
What is the hundred thousands digit of 1677885?
6
What is the hundreds digit of 13806025?
0
What is the hundred thousands digit of 5258706?
2
What is the millions digit of 4440992?
4
What is the thousands digit of 6304?
6
What is the hundred thousands digit of 963115?
9
What is the ten thousands digit of 1498837?
9
What is the ten millions digit of 11944271?
1
What is the hundreds digit of 6611?
6
What is the units digit of 36282?
2
What is the tens digit of 17416377?
7
What is the hundreds digit of 247386?
3
What is the tens digit of 2372351?
5
What is the thousands digit of 1743536?
3
What is the millions digit of 1927465?
1
What is the thousands digit of 1914088?
4
What is the ten thousands digit of 26062301?
6
What is the hundreds digit of 2241022?
0
What is the hundred thousands digit of 444316?
4
What is the hundreds digit of 416194?
1
What is the thousands digit of 559222?
9
What is the tens digit of 1430913?
1
What is the millions digit of 4994490?
4
What is the units digit of 500308?
8
What is the hundreds digit of 472284?
2
What is the hundreds digit of 15282879?
8
What is the hundreds digit of 346792?
7
What is the hundred thousands digit of 10216817?
2
What is the ten thousands digit of 13661316?
6
What is the thousands digit of 469790?
9
What is the thousands digit of 5389664?
9
What is the millions digit of 3945565?
3
What is the units digit of 35845?
5
What is the millions digit of 1211244?
1
What is the hundreds digit of 157477?
4
What is the ten thousands digit of 5456962?
5
What is the ten millions digit of 13334260?
1
What is the tens digit of 3460327?
2
What is the hundred thousands digit of 7711364?
7
What is the hundred thousands digit of 544904?
5
What is the hundred thousands digit of 17358398?
3
What is the ten thousands digit of 1177781?
7
What is the hundred thousands digit of 8553472?
5
What is the tens digit of 139645?
4
What is the tens digit of 1707830?
3
What is the hundreds digit of 2168089?
0
What is the thousands digit of 241179?
1
What is the ten thousands digit of 460416?
6
What is the tens digit of 243932?
3
What is the tens digit of 545883?
8
What is the thousands digit of 629878?
9
What is the hundreds digit of 6715?
7
What is the millions digit of 1458834?
1
What is the hundred thousands digit of 281903?
2
What is the units digit of 8726695?
5
What is the tens digit of 471443?
4
What is the ten thousands digit of 486899?
8
What is the thousands digit of 723571?
3
What is the ten thousands digit of 272959?
7
What is the ten thousands digit of 131499?
3
What is the hundred thousands digit of 10188018?
1
What is the tens digit of 6837615?
1
What is the hundred thousands digit of 1124052?
1
What is the thousands digit of 2121066?
1
What is the hundred thousands digit of 348841?
3
What is the thousands digit of 3601932?
1
What is the tens digit of 9018736?
3
What is the units digit of 873834?
4
What is the hundreds digit of 198734?
7
What is the ten millions digit of 15762483?
1
What is the ten thousands digit of 5526175?
2
What is the hundred thousands digit of 396142?
3
What is the hundred thousands digit of 9587450?
5
What is the ten thousands digit of 951581?
5
What is the thousands digit of 272139?
2
What is the ten thousands digit of 207909?
0
What is the tens digit of 20680897?
9
What is the ten millions digit of 20361720?
2
What is the units digit of 452061?
1
What is the tens digit of 379761?
6
What is the tens digit of 36312?
1
What is the units digit of 94342?
2
What is the thousands digit of 1451000?
1
What is the units digit of 1309537?
7
What is the units digit of 899849?
9
What is the units digit of 5191419?
9
What is the thousands digit of 91452?
1
What is the millions digit of 6313479?
6
What is the tens digit of 774168?
6
What is the hundred thousands digit of 6662144?
6
What is the hundreds digit of 7307637?
6
What is the tens digit of 2674295?
9
What is the hundreds digit of 620571?
5
What is the hundreds digit of 2504519?
5
What is the hundreds digit of 9525555?
5
What is the hundred thousands digit of 2677888?
6
What is the hundreds digit of 11942312?
3
What is the units digit of 665273?
3
What is the tens digit of 195802?
0
What is the hundreds digit of 3860968?
9
What is the tens digit of 26564?
6
What is the units digit of 820991?
1
What is the tens digit of 12230187?
8
What is the hundred thousands digit of 646855?
6
What is the hundred thousands digit of 1708456?
7
What is the hundreds digit of 1031390?
3
What is the hundred thousands digit of 4276451?
2
What is the ten thousands digit of 5399300?
9
What is the hundred thousands digit of 3686163?
6
What is the hundred thousands digit of 761813?
7
What is the ten millions digit of 13973664?
1
What is the ten thousands digit of 116112?
1
What is the thousands digit of 401437?
1
What is the ten thousands digit of 54950?
5
What is the thousands digit of 9417213?
7
What is the units digit of 5165122?
2
What is the hundred thousands digit of 424018?
4
What is the hundred thousands digit of 150344?
1
What is the thousands digit of 169193?
9
What is the ten thousands digit of 1767330?
6
What is the tens digit of 932852?
5
What is the ten thousands digit of 168404?
6
What is the thousands digit of 3625843?
5
What is the units digit of 6226279?
9
What is the hundreds digit of 399612?
6
What is the hundreds digit of 982048?
0
What is the ten thousands digit of 350538?
5
What is the thousands digit of 228555?
8
What is the hundreds digit of 465117?
1
What is the hundreds digit of 7073228?
2
What is the ten thousands digit of 16378915?
7
What is the millions digit of 2192253?
2
What is the hundreds digit of 10912008?
0
What is the hundreds digit of 1081963?
9
What is the tens digit of 7848547?
4
What is the hundreds digit of 3639260?
2
What is the ten thousands digit of 186231?
8
What is the tens digit of 7915?
1
What is the hundreds digit of 37610970?
9
What is the tens digit of 5978393?
9
What is the units digit of 1405794?
4
What is the hundreds digit of 1648255?
2
What is the hundreds digit of 284760?
7
What is the ten thousands digit of 287565?
8
What is the thousands digit of 80811?
0
What is the tens digit of 20960725?
2
What is the thousands digit of 724359?
4
What is the units digit of 2800707?
7
What is the tens digit of 149432?
3
What is the ten thousands digit of 239596?
3
What is the hundreds digit of 7019530?
5
What is the units digit of 124741?
1
What is the hundreds digit of 113029?
0
What is the thousands digit of 3377872?
7
What is the hundred thousands digit of 1360455?
3
What is the tens digit of 216494?
9
What is the tens digit of 2060217?
1
What is the hundred thousands digit of 1016327?
0
What is the thousands digit of 7293588?
3
What is the units digit of 412029?
9
What is the hundreds digit of 2220789?
7
What is the units digit of 1182650?
0
What is the tens digit of 306860?
6
What is the units digit of 54111?
1
What is the units digit of 123611?
1
What is the millions digit of 1824532?
1
What is the ten thousands digit of 84975?
8
What is the thousands digit of 269512?
9
What is the thousands digit of 5226224?
6
What is the hundreds digit of 17057?
0
What is the units digit of 421750?
0
What is the hundreds digit of 2010474?
4
What is the thousands digit of 233350?
3
What is the hundred thousands digit of 1254898?
2
What is the ten thousands digit of 109182?
0
What is the thousands digit of 1298097?
8
What is the tens digit of 918331?
3
What is the hundreds digit of 252545?
5
What is the units digit of 94667?
7
What is the units digit of 18707?
7
What is the hundreds digit of 476279?
2
What is the tens digit of 1125909?
0
What is the hundred thousands digit of 167976?
1
What is the thousands digit of 1144115?
4
What is the hundred thousands digit of 26008284?
0
What is the millions digit of 36852272?
6
What is the hundred thousands digit of 14856155?
8
What is th